digit of 3961?
6
What is the hundreds digit of 663?
6
What is the units digit of 1205?
5
What is the thousands digit of 1577?
1
What is the tens digit of 9314?
1
What is the hundreds digit of 638?
6
What is the tens digit of 812?
1
What is the thousands digit of 2467?
2
What is the thousands digit of 4994?
4
What is the units digit of 6580?
0
What is the units digit of 9868?
8
What is the hundreds digit of 16330?
3
What is the ten thousands digit of 143676?
4
What is the tens digit of 1169?
6
What is the tens digit of 155?
5
What is the tens digit of 905?
0
What is the hundreds digit of 7348?
3
What is the hundreds digit of 6282?
2
What is the tens digit of 151?
5
What is the tens digit of 40315?
1
What is the hundreds digit of 8679?
6
What is the thousands digit of 1358?
1
What is the hundreds digit of 28970?
9
What is the tens digit of 47773?
7
What is the units digit of 16451?
1
What is the thousands digit of 6694?
6
What is the tens digit of 1845?
4
What is the thousands digit of 2792?
2
What is the units digit of 921?
1
What is the hundreds digit of 116?
1
What is the ten thousands digit of 10019?
1
What is the tens digit of 6216?
1
What is the hundreds digit of 11906?
9
What is the hundreds digit of 730?
7
What is the hundreds digit of 1223?
2
What is the tens digit of 49591?
9
What is the hundreds digit of 41818?
8
What is the thousands digit of 2688?
2
What is the hundreds digit of 98855?
8
What is the tens digit of 1466?
6
What is the hundreds digit of 4176?
1
What is the tens digit of 150110?
1
What is the units digit of 97945?
5
What is the tens digit of 2756?
5
What is the thousands digit of 35256?
5
What is the tens digit of 56649?
4
What is the hundreds digit of 9025?
0
What is the thousands digit of 25330?
5
What is the hundreds digit of 10348?
3
What is the tens digit of 2073?
7
What is the hundreds digit of 29183?
1
What is the hundreds digit of 1089?
0
What is the ten thousands digit of 16800?
1
What is the units digit of 462?
2
What is the units digit of 192?
2
What is the units digit of 27083?
3
What is the units digit of 13?
3
What is the ten thousands digit of 14466?
1
What is the hundreds digit of 3859?
8
What is the ten thousands digit of 26937?
2
What is the tens digit of 26058?
5
What is the units digit of 582?
2
What is the units digit of 984?
4
What is the thousands digit of 2831?
2
What is the thousands digit of 3400?
3
What is the thousands digit of 3595?
3
What is the units digit of 1217?
7
What is the units digit of 1550?
0
What is the hundreds digit of 45693?
6
What is the hundreds digit of 3646?
6
What is the units digit of 3240?
0
What is the tens digit of 442?
4
What is the ten thousands digit of 17659?
1
What is the ten thousands digit of 12548?
1
What is the hundreds digit of 9631?
6
What is the tens digit of 797?
9
What is the hundreds digit of 1143?
1
What is the thousands digit of 1676?
1
What is the hundreds digit of 2375?
3
What is the tens digit of 798?
9
What is the ten thousands digit of 10929?
1
What is the units digit of 2376?
6
What is the units digit of 7768?
8
What is the tens digit of 9489?
8
What is the units digit of 67?
7
What is the tens digit of 452?
5
What is the hundreds digit of 184107?
1
What is the ten thousands digit of 158971?
5
What is the tens digit of 41443?
4
What is the units digit of 907?
7
What is the units digit of 1296?
6
What is the units digit of 4437?
7
What is the hundreds digit of 1663?
6
What is the thousands digit of 1277?
1
What is the hundreds digit of 1026?
0
What is the thousands digit of 18019?
8
What is the tens digit of 4050?
5
What is the tens digit of 71901?
0
What is the thousands digit of 7808?
7
What is the units digit of 12417?
7
What is the tens digit of 3965?
6
What is the hundreds digit of 390?
3
What is the tens digit of 8613?
1
What is the tens digit of 379?
7
What is the thousands digit of 8156?
8
What is the hundreds digit of 20647?
6
What is the tens digit of 533?
3
What is the thousands digit of 1269?
1
What is the hundreds digit of 5849?
8
What is the units digit of 664?
4
What is the thousands digit of 6411?
6
What is the units digit of 8325?
5
What is the hundreds digit of 302?
3
What is the thousands digit of 5389?
5
What is the hundreds digit of 39434?
4
What is the thousands digit of 11872?
1
What is the hundreds digit of 9508?
5
What is the tens digit of 26060?
6
What is the tens digit of 19002?
0
What is the thousands digit of 9201?
9
What is the tens digit of 326?
2
What is the hundreds digit of 3354?
3
What is the hundreds digit of 231?
2
What is the ten thousands digit of 11197?
1
What is the hundreds digit of 9860?
8
What is the hundreds digit of 121606?
6
What is the units digit of 3659?
9
What is the tens digit of 2927?
2
What is the thousands digit of 70293?
0
What is the tens digit of 1494?
9
What is the tens digit of 2484?
8
What is the tens digit of 1877?
7
What is the tens digit of 1096?
9
What is the tens digit of 741?
4
What is the tens digit of 295?
9
What is the units digit of 38147?
7
What is the tens digit of 54110?
1
What is the ten thousands digit of 11198?
1
What is the hundreds digit of 1330?
3
What is the hundreds digit of 21082?
0
What is the hundreds digit of 145?
1
What is the tens digit of 41512?
1
What is the units digit of 234?
4
What is the tens digit of 2272?
7
What is the tens digit of 25361?
6
What is the units digit of 26934?
4
What is the hundreds digit of 160?
1
What is the units digit of 6155?
5
What is the tens digit of 15261?
6
What is the units digit of 315?
5
What is the hundreds digit of 4976?
9
What is the hundreds digit of 20867?
8
What is the units digit of 2530?
0
What is the tens digit of 6114?
1
What is the hundreds digit of 6541?
5
What is the hundreds digit of 972?
9
What is the ten thousands digit of 67609?
6
What is the tens digit of 12022?
2
What is the hundreds digit of 255?
2
What is the hundreds digit of 53390?
3
What is the ten thousands digit of 143215?
4
What is the tens digit of 4885?
8
What is the units digit of 13021?
1
What is the thousands digit of 1180?
1
What is the thousands digit of 5493?
5
What is the hundreds digit of 3607?
6
What is the hundreds digit of 18760?
7
What is the thousands digit of 2614?
2
What is the hundreds digit of 304?
3
What is the tens digit of 715?
1
What is the hundreds digit of 219?
2
What is the thousands digit of 106240?
6
What is the thousands digit of 78112?
8
What is the tens digit of 917?
1
What is the tens digit of 2362?
6
What is the units digit of 38590?
0
What is the ten thousands digit of 28189?
2
What is the hundreds digit of 21650?
6
What is the hundreds digit of 1421?
4
What is the tens digit of 3556?
5
What is the units digit of 1972?
2
What is the units digit of 2591?
1
What is the thousands digit of 1509?
1
What is the hundreds digit of 7457?
4
What is the hundreds digit of 17603?
6
What is the thousands digit of 6388?
6
What is the units digit of 24519?
9
What is the thousands digit of 13387?
3
What is the tens digit of 856?
5
What is the thousands digit of 1744?
1
What is the tens digit of 7066?
6
What is the units digit of 68408?
8
What is the ten thousands digit of 49879?
4
What is the ten thousands digit of 64653?
6
What is the units digit of 75978?
8
What is the ten thousands digit of 20456?
2
What is the thousands digit of 16154?
6
What is the hundreds digit of 938?
9
What is the thousands digit of 7494?
7
What is the units digit of 389?
9
What is the thousands digit of 70992?
0
What is the thousands digit of 1507?
1
What is the units digit of 479?
9
What is the ten thousands digit of 13434?
1
What is the thousands digit of 16295?
6
What is the tens digit of 7987?
8
What is the tens digit of 7229?
2
What is the ten thousands digit of 108679?
0
What is the hundreds digit of 8601?
6
What is the units digit of 772?
2
What is the thousands digit of 2985?
2
What is the hundreds digit of 58433?
4
What is the hundreds digit of 27952?
9
What is the thousands digit of 1482?
1
What is the tens digit of 142?
4
What is the hundreds digit of 79859?
8
What is the units digit of 3874?
4
What is the hundreds digit of 5693?
6
What is the units digit of 14395?
5
What is the tens digit of 1769?
6
What is the thousands digit of 15705?
5